-8.
-2
-31 + 25 - (-8 + -1) - -5
8
(-78 + 73 - ((6 - -1) + -1)) + 2
-9
Evaluate 11 - (-21 - (-29 + -19)).
-16
Calculate -13 - (-2 - (2 - 3) - -4).
-16
What is the value of 1 + -7 - (18 + (18 - 12) + -15)?
-15
Calculate -476 + 442 - (-38 + 2).
2
Evaluate -4 + -2 + (2 - 21) + (2 - 0).
-23
(9 - (-7 + 14) - 3) + 9
8
(-19 - -2) + -52 + (66 - 3)
-6
Evaluate (1 - -8) + 40 + -58.
-9
Evaluate 8 + 21 + (-1 - (3 - (1 + -4))).
22
What is the value of -50 + 10 - (91 - 103)?
-28
-8 + (35 - 17 - -7)
17
2 + -6 + (-1 - 0) - -9
4
What is the value of 3 + (5 - (-4 - (-5 - 7))) + -2?
-2
Evaluate 42 + (-17 - 19) + -7 + 1.
0
(-5 - 20 - 4) + 4
-25
-2 - 1 - 1 - (65 + -40 - 34)
5
Calculate 762 + -787 + (1 - -28).
4
Evaluate 16 + (9 + -24 - -23).
24
Calculate 26 - ((11 - 15) + -2 + 6).
26
What is the value of -13 + 34 + -5 + -3?
13
(1 + -4 - (11 - 7)) + -5 + 1
-11
Calculate (2 + -12 - -2) + 2 - (-26 - -9).
11
-1 - -2 - 1 - (83 + -80)
-3
Evaluate 0 + -2 + (605 - 599).
4
What is -8 + 0 + -3 + (-4 - 4)?
-19
What is the value of 11 + -12 - (2 + -11)?
8
What is -1 + -5 - (4 + -17 + (13 - 11))?
5
Calculate 15 - (46 + (-40 - -23)).
-14
-4 - (8 - (18 - -1))
7
(7 - -1) + 40 + -47
1
Evaluate -2 + (32 - 15) - 23.
-8
Calculate -24 + 2 + -16 + (11 - -2).
-25
4 + -11 - 0 - ((-3 - 0) + 5)
-9
What is the value of 18 - 4 - (-1 - -15)?
0
What is the value of 3 + -7 + -4 + 7 + 4 + -2?
1
Evaluate -19 - (-17 - -3) - 1.
-6
Calculate -1 + 6 + -20 + (3 - 14).
-26
Evaluate (1 + 15 - 17) + (1 - (13 + -2)).
-11
-20 + 8 + 31 - (3 - -4)
12
What is the value of 19 - (0 + -1) - (41 + (-11 - 25))?
15
Evaluate 4 + 0 + -34 + -1 - (-310 + 305).
-26
What is the value of 0 + (-2 - (-1 + 1)) + -1?
-3
(-6 - -8 - -1) + 0 + -1 + -2
0
Evaluate -18 + (9 - (-5 + -7)).
3
What is the value of 17 + -49 + 49 - (1 + 8)?
8
26 + -15 - 8 - 3
0
What is the value of 31 - (15 - -57 - 6)?
-35
Evaluate (42 - 20 - 15) + 1 + -3.
5
What is the value of 0 + 9 - (1 + 16 + -10 + -11)?
13
Evaluate -11 - (4 - (-2 - -12)).
-5
What is the value of 21 + 1 + -26 + -1 + -3?
-8
(-5 - -18 - 26) + 11
-2
What is the value of -12 - (-31 - (-18 + -4))?
-3
What is 20 - (4 + 6 + 15)?
-5
What is 5 + -22 + (-63 - -92)?
12
Evaluate -8 + -7 + 4 - (0 + 6) - 6.
-23
What is -1 + (-13 - (-1 + -4) - -10)?
1
What is 25 + 1 + 245 + -268?
3
((25 - 22) + (-3 - 1) - -22) + -7
14
What is -2 - -1 - (-10 + (7 - (-3 + 7)))?
6
1 + 7 - (-8 - -28 - 11)
-1
Calculate (-22 - 50) + 44 - -64.
36
Calculate -1 + 9 + (-130 - -112).
-10
Calculate 19 - (-1 + 7 + 16).
-3
-2 + (-2 - 1 - (-31 + 26)) - -4
4
(3 - 5 - (-3 - -9)) + 1
-7
Evaluate 9 - (-25 - -39 - 13).
8
What is 1 + (14 - 25) + -5?
-15
What is 8 + (4 - 0) + -12?
0
Calculate -9 + 1 + (21 + -8 - -1 - -4).
10
Evaluate 11 - (13 - (-9 - (-11 + 4))).
-4
Calculate 8 + -35 + 27 - ((4 - 1) + 6).
-9
What is the value of 1 - (2 + 8) - ((-3 - 48) + 6)?
36
1 + -31 + -14 + 12 + 11
-21
What is -3 + 5 + 4 + -2?
4
2 - (8 - (-7 + 6 + 10))
3
218 - 196 - (24 - -2)
-4
What is (3 - 6) + -12 + 18 + 8?
11
19 - (-8 + 0 + -1 + 10)
18
4 - 0 - -20 - 14 - -17
27
6 + 5 + -16 - ((-2 - -2) + 1)
-6
Calculate -43 + 52 + -15 + 3.
-3
Evaluate -85 + 38 - (21 - 51).
-17
Evaluate (8 - (-2 + 17)) + 2 + -3.
-8
What is the value of -9 + (-1 - (-5 - 1))?
-4
What is the value of -16 - (-4 - -2) - (-3 + -3 + 4)?
-12
What is (-2 - (27 + -4 + -6)) + 5?
-14
-12 + (-9 - -12) + -2 + -19
-30
What is (0 - 9) + 9 + 15?
15
Calculate 47 + -1 + (47 - (31 + 31)).
31
Evaluate 25 - (-41 - -24) - 9.
33
Evaluate 4 - -16 - (-2 - 1).
23
121 + -121 - (3 + 6)
-9
13 + -24 + 31 + (-9 - 1)
10
What is the value of (10 + -8 - -7) + (4 - -7) + 1?
21
What is -17 - (34 - 14) - -27?
-10
What is (1 + 15 - 3) + -7 + -9 + 9?
6
-227 - -236 - (15 + 2)
-8
Calculate -4 + -5 + 14 + -1 + -16.
-12
-16 + 33 + 1 + -13
5
Evaluate -13 + 20 + -8 + 16 + -9.
6
What is -19 + (4 - (19 - 26))?
-8
-15 - (2 + (-36 - -54))
-35
Evaluate (-1 - -8) + -4 - (-4 - (-9 + 3)).
1
What is -21 + 7 + (2 - (2 + -1))?
-13
What is the value of -20 + 14 + 42 + -21?
15
What is the value of 3 - -1 - (8 + (-15 - -5))?
6
Calculate 10 + 10 + -8 + (1 - 2).
11
What is the value of 11 - (4 - (3 + (-22 - -5)))?
-7
-2 - (-5 + (3 - -1)) - (11 + 1)
-13
What is -8 + 0 + -2 + -21 + -4 + 5?
-30
What is 14 + (9 + -6 - (0 - (-4 - 3)))?
10
Evaluate (20 - (5 + -4 + 6)) + 11.
24
What is (816 - 774) + (-1 - 10)?
31
Evaluate 15 - 15 - (-43 + (-1 - (-2 - 3))).
39
-2 - (-20 + 41 + -18)
-5
What is the value of (-12 + 1 - (-5 + -1)) + -5 - 5?
-15
What is the value of (8 - 2) + 0 + -7 + 17?
16
Evaluate -14 + 13 + 4 + -2 + (0 - -4).
5
Evaluate 15 - 2 - 12 - (-2 + -3).
6
Calculate 0 + -6 + (2 + 9 + -7 - -1).
-1
What is -15 + (47 - (-19 - -28)) + -8?
15
Calculate -4 + 13 + -19 + (2 - 2).
-10
What is the value of 27 - (28 + 1 - 21)?
19
What is the value of 9 + -9 + 22 + -13 + 6?
15
-7 - (-2 + 9 + -7 + 4)
-11
-21 + -19 + 12 + 48
20
What is -2 + (4 - 3) - (-8 + 0)?
7
Evaluate (-1 + 1 - (8 + -7) - -5) + 1.
5
(-5 - 0) + -10 + 19 - 1 - -14
17
What is 5 + -3 + -6 + 0 - (-21 - 5)?
22
What is -8 - 1 - (8 + (-2 - (7 - 2)))?
-10
Evaluate 51 + -56 + (1 - (7 - (1 + 1))).
-9
Evaluate -9 + (-10 - -7 - (-25 + (-2 - -11))).
4
5 - (12 + -22 + 13 + -24)
26
What is the value of 9 + -14 + 2 + -2 + -4?
-9
Evaluate (24 - 8 - (14 - 15)) + -6.
11
What is the value of 1013 + -1008 + (1 - 38) + -1?
-33
What is the value of -16 + -3 + 0 + -2 + 3 + 4?
-14
What is -503 + 499 + (1 - -21)?
18
-3 + 16 - (-6 + 4 - -10)
5
Calculate (-71 - -79) + -3 + 2 + (2 - 5).
4
Evaluate (3 - -1) + 20 + -16 + -7.
1
(8 - 15) + (-3 - (-4 - -10))
-16
What is (7 - 2) + 2 + 2 - (52 - 51)?
8
Calculate -12 - (0 - 23) - 8.
3
What is 8 - (-7 - (-4 - 12))?
-1
Calculate (15 - ((-3 - -4) + 11)) + 0 + -10.
-7
Evaluate 754 + -797 + (11 - 1 - -2) + -1.
-32
Calculate 0 + 3 + 16 - (-19 - (22 + -31)).
29
11 - (-42 + -11 + 57)
7
Calculate -11 - -19 - -28 - 28.
8
(-10 - -8) + (-131 + 136 - (0 - -2))
1
What is the value of -3 + -10 - ((-40 - -20) + 13)?
-6
What is 1 - (-7 - (-7 + -3))?
-2
Calculate -25 + (27 - 33 - (-3 - 7)).
-21
Evaluate (11 - (-1 - -1)) + 90 + -92 + -28.
-19
Evaluate (16 - (21 - 5)) + -10.
-10
Evaluate -2 + (1 - (16 + -11)) + -1.
-7
(-13 - -35) + -17 + 10
15
(2 - 0) + -8 + 0 - (-14 - -6)
2
Evaluate (9 - ((-4 - -2) + (38 - 10))) + 8.
-9
What is the value of -8 + -1 + 11 - (-10 + 0)?
12
What is the value of 7 + 7 + -13 + -2 + 13?
12
What is -24 - (-16 + 17 + -28)?
3
What is 6 + -38 + 21 + -4?
-15
Calculate (1 - -14) + -45 + (88 - 31).
27
Evaluate 8 + 2 - (12 - (-10 + 24)).
12
Evaluate -15 + 0 + -44 + 55 + -7.
-11
What is -5 + 3 - (-51 - (-45 + 13))?
17
What is the value of (-7 - -5) + (-9 + 0 - (-28 - -23))?
-6
7 + 2 + -51 + 45 - (0 - -6)
-3
Calculate -25 - (17 + -22 + 9 + (-1 - 7)).
-21
Evaluate 6 + 1 - 5 - -5 - 2 - -5.
10
Evaluate 24 + -4 - ((2 - 8) + 40).
-14
-1 - -3 - ((-3 - 0) + (-6 - -2))
9
What is 0 + -4 + 1 - (0 + -7)?
4
Evaluate 5 - (-17 + 1 - -10 - (1 - -2)).
14
Calculate -13 - (-3 - (24 - 24)).
-10
Evaluate (-11 - 1) + (712 - 693).
7
What is -2 + 3 + 2 + (13 - 27)?
-11
What is the value of 16 + (-14 - -3) + -12?
-7
What is the value of -32 - (25 - 6 - 29)?
-22
What is the value of 3 + -1 + 8 + 12 + -21?
1
Evaluate -24 - ((-3 - 0) + -15).
-6
Calculate (0 - -34) + (-28 - -5 - -17).
28
What is -19 - 3 - -2 - (-8 + 8 + -4)?
-16
What is (-4 - (0 - 2)) + (-3 - -31 - 32)?
-6
5 - (15 - (19 + -10 + -2))
-3
Calculate (12 - (0 + 14 + 8)) + -6.
-16
Calculate -2 - ((-39 - -20) + 31 + 4).
-18
Evaluate -10 + (-1 - -2) + 5 + -8 + 5.
-7
-30 - -8 - ((-12 - -4) + 1 + -1)
-14
Evaluate -14 + 26 + (-20 - 2).
-10
What is (-100 - -94) + (-1 - 0 - (-14 + 2))?
5
13 + -12 - (42 + -24)
-17
What is the value of -5 + 14 + -7 - (-6 - (-8 - -18))?
18
-1 + -18 - (480 + -499)
0
What is -17 + 2 - (47 - 37)?
-25
What is (-1 + 4 - -3) + (-7 - (-11 + 7))?
3
Calculate 15 + 8 + (-22 + 7 - -19).
27
Calculate 3 + -11 + (9 - 15 - -10).
-4
What is 21 - (18 - 17 - -11)?
9
What is the value of -38 + (10 - (19 - 16 - 2))?
-29
Calculate (85 - 60) + (7 + -2 - 13).
17
13 - (-20 + -19 + 17 + 7)
28
(-15 - 1) + (5 - -7)
-4
Evaluate 3 + (-12 - (3 - (9 - 6)) - 3).
-12
Calculate (-4 - 9) + 13 + 9.
9
1 + 6 + -1 + 132 + -137
1
Calculate -14 + -4 + 0 + (19 - 9) + -7.
-15
What is the value of 32 - 23 - (0 + -2)?
11
Evaluate -26 + (-7 - ((-9 - -16) + -1)